{"id":1433,"date":"2020-04-10T20:12:26","date_gmt":"2020-04-10T23:12:26","guid":{"rendered":"https:\/\/isfd163-bue.infd.edu.ar\/sitio\/?page_id=1433"},"modified":"2020-04-10T20:12:26","modified_gmt":"2020-04-10T23:12:26","slug":"tutoriales-para-manejarse-en-las-aulas-virtuales","status":"publish","type":"page","link":"https:\/\/isfd163-bue.infd.edu.ar\/sitio\/tutoriales-para-manejarse-en-las-aulas-virtuales\/","title":{"rendered":"Tutoriales para manejarse en las aulas virtuales"},"content":{"rendered":"<p>En esta secci\u00f3n les acercamos algunos tutoriales que van a facilitar el familiarizarse con \u00e9ste entorno<\/p>\n<p>Para ello los invitamos a ingresar al enlace que corresponda en funci\u00f3n del rol que desempe\u00f1es en el instituto:<\/p>\n<p>Alumnos: <a href=\"https:\/\/isfd163-bue.infd.edu.ar\/sitio\/tutoriales-manejo-de-campus-y-web\/\">Clic aqu\u00ed<\/a><\/p>\n<p>Docentes: <a href=\"https:\/\/isfd163-bue.infd.edu.ar\/sitio\/documentos-institucionales\/\">Clic aqu\u00ed<\/a><\/p>\n<p>&nbsp;<\/p>\n","protected":false},"excerpt":{"rendered":"<p>En esta secci\u00f3n les acercamos algunos tutoriales que van a facilitar el familiarizarse con \u00e9ste entorno Para ello los invitamos a ingresar al enlace que corresponda en funci\u00f3n del rol que desempe\u00f1es en el instituto: Alumnos: Clic aqu\u00ed Docentes: Clic aqu\u00ed &nbsp;<\/p>\n","protected":false},"author":1452,"featured_media":1435,"parent":0,"menu_order":0,"comment_status":"closed","ping_status":"closed","template":"","meta":[],"acf":[],"_links":{"self":[{"href":"https:\/\/isfd163-bue.infd.edu.ar\/sitio\/wp-json\/wp\/v2\/pages\/1433"}],"collection":[{"href":"https:\/\/isfd163-bue.infd.edu.ar\/sitio\/wp-json\/wp\/v2\/pages"}],"about":[{"href":"https:\/\/isfd163-bue.infd.edu.ar\/sitio\/wp-json\/wp\/v2\/types\/page"}],"author":[{"embeddable":true,"href":"https:\/\/isfd163-bue.infd.edu.ar\/sitio\/wp-json\/wp\/v2\/users\/1452"}],"replies":[{"embeddable":true,"href":"https:\/\/isfd163-bue.infd.edu.ar\/sitio\/wp-json\/wp\/v2\/comments?post=1433"}],"version-history":[{"count":2,"href":"https:\/\/isfd163-bue.infd.edu.ar\/sitio\/wp-json\/wp\/v2\/pages\/1433\/revisions"}],"predecessor-version":[{"id":1436,"href":"https:\/\/isfd163-bue.infd.edu.ar\/sitio\/wp-json\/wp\/v2\/pages\/1433\/revisions\/1436"}],"wp:featuredmedia":[{"embeddable":true,"href":"https:\/\/isfd163-bue.infd.edu.ar\/sitio\/wp-json\/wp\/v2\/media\/1435"}],"wp:attachment":[{"href":"https:\/\/isfd163-bue.infd.edu.ar\/sitio\/wp-json\/wp\/v2\/media?parent=1433"}],"curies":[{"name":"wp","href":"https:\/\/api.w.org\/{rel}","templated":true}]}}