{"id":868,"date":"2018-06-28T16:29:15","date_gmt":"2018-06-28T19:29:15","guid":{"rendered":"https:\/\/isfd163-bue.infd.edu.ar\/sitio\/historia\/"},"modified":"2019-07-05T19:47:52","modified_gmt":"2019-07-05T22:47:52","slug":"historia","status":"publish","type":"page","link":"https:\/\/isfd163-bue.infd.edu.ar\/sitio\/historia\/","title":{"rendered":"Historia"},"content":{"rendered":"<p>&nbsp;<\/p>\n<table style=\"height: 2725px;\" border=\"0\" width=\"818\" align=\"center\">\n<tbody>\n<tr>\n<td style=\"text-align: center;\"><img decoding=\"async\" loading=\"lazy\" class=\"alignnone size-full wp-image-1214\" src=\"https:\/\/isfd163-bue.infd.edu.ar\/sitio\/wp-content\/uploads\/2019\/07\/colegio-nacional-13.jpg\" alt=\"\" width=\"960\" height=\"640\" srcset=\"https:\/\/isfd163-bue.infd.edu.ar\/sitio\/wp-content\/uploads\/2019\/07\/colegio-nacional-13.jpg 960w, https:\/\/isfd163-bue.infd.edu.ar\/sitio\/wp-content\/uploads\/2019\/07\/colegio-nacional-13-768x512.jpg 768w\" sizes=\"(max-width: 960px) 100vw, 960px\" \/><img decoding=\"async\" loading=\"lazy\" class=\"alignnone size-full wp-image-1212\" src=\"https:\/\/isfd163-bue.infd.edu.ar\/sitio\/wp-content\/uploads\/2019\/07\/55869478_10155768897291315_2742579821019136000_n.jpg\" alt=\"\" width=\"960\" height=\"640\" srcset=\"https:\/\/isfd163-bue.infd.edu.ar\/sitio\/wp-content\/uploads\/2019\/07\/55869478_10155768897291315_2742579821019136000_n.jpg 960w, https:\/\/isfd163-bue.infd.edu.ar\/sitio\/wp-content\/uploads\/2019\/07\/55869478_10155768897291315_2742579821019136000_n-768x512.jpg 768w\" sizes=\"(max-width: 960px) 100vw, 960px\" \/><\/td>\n<\/tr>\n<\/tbody>\n<tbody>\n<tr>\n<td style=\"text-align: center;\">\n<p style=\"text-align: justify;\"><span style=\"font-size: 10pt;\">\u201cYa en 1918 entre la sociedad necochense, especialmente en c\u00edrculos culturales\u00a0 exist\u00eda un ferviente deseo de que la ciudad contara con un centro de estudios secundarios, a efectos de que la juventud local y de la zona pudiera continuar el ciclo de bachiller sin tener que alejarse del medio, evitando a los educandos el alejamiento a temprana edad de sus hogares, con el consiguiente c\u00famulo de erogaciones\u201d As\u00ed expresa el comienzo de nuestra escuela el libro \u201cColegio Nacional JOS\u00c9 MANUEL ESTRADA, 1921- Necochea \u2013 1971 , Cr\u00f3nica Evocativa de sus Primeros Cincuenta a\u00f1os.\u201d<\/span><\/p>\n<p style=\"text-align: justify;\"><span style=\"font-size: 10pt;\">\u00a0\u00a0\u00a0\u00a0\u00a0\u00a0\u00a0\u00a0\u00a0\u00a0\u00a0 Si bien en 1919 mediante decreto legislativo se crea el colegio, reci\u00e9n en 1921 comienza a funcionar en un local que antiguamente edificara y ocupara el Teatro de la Sociedad Italiana de Necochea. Corr\u00eda el a\u00f1o\u00a0 1926 cuando se crea el Centro Cultural \u201cJos\u00e9 Manuel Estrada\u201d,\u00a0 que contaba entre sus objetivos el de secundar la obra moral y patri\u00f3tica del Colegio Nacional; sostener la Biblioteca p\u00fablica en el local de la escuela cooperando por todos los medios a su alcance para aumentar su material did\u00e1ctico y atender las necesidades del Colegio. A partir de 1944 se agrega a su nombre original el de\u00a0 Asociaci\u00f3n Cooperadora del Colegio Nacional.<\/span><\/p>\n<p style=\"text-align: justify;\"><span style=\"font-size: 10pt;\">\u00a0\u00a0\u00a0\u00a0\u00a0\u00a0\u00a0\u00a0\u00a0\u00a0\u00a0 El a\u00f1o 1932 es una fecha importante para la escuela, ya que fue en el mismo donde se cristaliz\u00f3 un viejo anhelo de la comunidad educativa: se inaugura\u00a0 el nuevo edificio. As\u00ed entonces pas\u00f3 a tener su propio edificio frente a la plaza principal de la ciudad, donde hasta estos d\u00edas sigue funcionando. \u00a0Tuvo importantes ampliaciones, en 1963 se concluye la primera con el incremento de 4 aulas y dos ba\u00f1os para el Departamento de Aplicaci\u00f3n, y otras 4 aulas para las actividades del Colegio y secciones anexas. La segunda ampliaci\u00f3n se comenz\u00f3 a realizar el 16 de marzo de 1964\u00a0 con la construcci\u00f3n de siete aulas y dos sectores sanitarios.<\/span><\/p>\n<p><span style=\"font-size: 10pt;\">\u00a0\u00a0\u00a0\u00a0\u00a0\u00a0\u00a0\u00a0\u00a0\u00a0\u00a0 El 6 de mayo de 1947 comienza a funcionar la Escuela Nacional de Comercio como anexo del Colegio Nacional, contando as\u00ed los j\u00f3venes de la ciudad, con dos opciones de estudios secundarios, hasta que en 1953 en las instalaciones de la escuela nace La Escuela Industrial de la Naci\u00f3n de Necochea con 36 alumnos; pasando a ser una tercera opci\u00f3n al momento de elegir d\u00f3nde seguir estudiando los estudios secundarios.<\/span><\/td>\n<\/tr>\n<\/tbody>\n<tbody>\n<tr>\n<td><img decoding=\"async\" loading=\"lazy\" class=\"alignnone size-medium wp-image-1211\" src=\"https:\/\/isfd163-bue.infd.edu.ar\/sitio\/wp-content\/uploads\/2019\/07\/20590-1000x611.jpg\" alt=\"\" width=\"1000\" height=\"611\" srcset=\"https:\/\/isfd163-bue.infd.edu.ar\/sitio\/wp-content\/uploads\/2019\/07\/20590-1000x611.jpg 1000w, https:\/\/isfd163-bue.infd.edu.ar\/sitio\/wp-content\/uploads\/2019\/07\/20590-768x469.jpg 768w, https:\/\/isfd163-bue.infd.edu.ar\/sitio\/wp-content\/uploads\/2019\/07\/20590.jpg 1138w\" sizes=\"(max-width: 1000px) 100vw, 1000px\" \/><\/td>\n<\/tr>\n<\/tbody>\n<tbody>\n<tr>\n<td style=\"text-align: justify;\"><span style=\"font-size: 10pt;\">La secci\u00f3n Magisterio del Colegio Nacional comienza a funcionar en 1963, y como consecuencia de las enormes dificultades que trajo aparejadas el hecho de que las alumnas practicaran en la Escuela N\u00ba 2; se crea en 1964 el departamento de aplicaci\u00f3n con 100 alumnos distribuidos en siete grados. El Magisterio solo dur\u00f3 hasta el a\u00f1o 1969 ya que por decreto Nacional se suprimieron los magisterios en las Escuelas Normales. De esta forma nuestra escuela comenz\u00f3 a tener el nivel primario. <\/span><\/p>\n<p><span style=\"font-size: 10pt;\">\u00a0\u00a0\u00a0\u00a0\u00a0\u00a0\u00a0\u00a0\u00a0\u00a0\u00a0 Con la aprobaci\u00f3n de un nuevo plan de estudios para la carrera de Profesor Elemental surgen los Institutos Superiores de Formaci\u00f3n Docente.\u00a0 As\u00ed comienza en el a\u00f1o 1971 el Instituto del Profesorado de Nivel Elemental en el Colegio Nacional creado por resoluci\u00f3n N\u00ba 1128 del Ministerio de Cultura y Educaci\u00f3n de la Naci\u00f3n.<\/span><\/p>\n<p><span style=\"font-size: 10pt;\">\u00a0\u00a0\u00a0\u00a0\u00a0\u00a0\u00a0\u00a0\u00a0\u00a0\u00a0 El profesor F\u00e9lix A. Motti en su car\u00e1cter de rector del Colegio Nacional fue designado organizador con car\u00e1cter transitorio del Instituto; el que comenz\u00f3 a funcionar con un total de 45 alumnos distribuidos en dos divisiones.<\/span><\/p>\n<p>&nbsp;<\/p>\n<p><img decoding=\"async\" loading=\"lazy\" class=\"alignnone size-full wp-image-1215\" src=\"https:\/\/isfd163-bue.infd.edu.ar\/sitio\/wp-content\/uploads\/2019\/07\/41911031_10217199053993297_4873135323573387264_n.jpg\" alt=\"\" width=\"960\" height=\"720\" srcset=\"https:\/\/isfd163-bue.infd.edu.ar\/sitio\/wp-content\/uploads\/2019\/07\/41911031_10217199053993297_4873135323573387264_n.jpg 960w, https:\/\/isfd163-bue.infd.edu.ar\/sitio\/wp-content\/uploads\/2019\/07\/41911031_10217199053993297_4873135323573387264_n-768x576.jpg 768w\" sizes=\"(max-width: 960px) 100vw, 960px\" \/><\/p>\n<p>&nbsp;<\/td>\n<\/tr>\n<\/tbody>\n<\/table>\n","protected":false},"excerpt":{"rendered":"<p>&nbsp; \u201cYa en 1918 entre la sociedad necochense, especialmente en c\u00edrculos culturales\u00a0 exist\u00eda un ferviente deseo de que la ciudad contara con un centro de estudios secundarios, a efectos de que la juventud local y de la zona pudiera continuar el ciclo de bachiller sin tener que alejarse del medio, evitando a los educandos el &#8230; <a title=\"Historia\" class=\"read-more\" href=\"https:\/\/isfd163-bue.infd.edu.ar\/sitio\/historia\/\" aria-label=\"More on Historia\">[+]<\/a><\/p>\n","protected":false},"author":1731,"featured_media":0,"parent":0,"menu_order":0,"comment_status":"closed","ping_status":"closed","template":"","meta":[],"acf":[],"_links":{"self":[{"href":"https:\/\/isfd163-bue.infd.edu.ar\/sitio\/wp-json\/wp\/v2\/pages\/868"}],"collection":[{"href":"https:\/\/isfd163-bue.infd.edu.ar\/sitio\/wp-json\/wp\/v2\/pages"}],"about":[{"href":"https:\/\/isfd163-bue.infd.edu.ar\/sitio\/wp-json\/wp\/v2\/types\/page"}],"author":[{"embeddable":true,"href":"https:\/\/isfd163-bue.infd.edu.ar\/sitio\/wp-json\/wp\/v2\/users\/1731"}],"replies":[{"embeddable":true,"href":"https:\/\/isfd163-bue.infd.edu.ar\/sitio\/wp-json\/wp\/v2\/comments?post=868"}],"version-history":[{"count":3,"href":"https:\/\/isfd163-bue.infd.edu.ar\/sitio\/wp-json\/wp\/v2\/pages\/868\/revisions"}],"predecessor-version":[{"id":1210,"href":"https:\/\/isfd163-bue.infd.edu.ar\/sitio\/wp-json\/wp\/v2\/pages\/868\/revisions\/1210"}],"wp:attachment":[{"href":"https:\/\/isfd163-bue.infd.edu.ar\/sitio\/wp-json\/wp\/v2\/media?parent=868"}],"curies":[{"name":"wp","href":"https:\/\/api.w.org\/{rel}","templated":true}]}}

<p>&nbsp;</p>
<table style="height: 2725px;" border="0" width="818" align="center">
<tbody>
<tr>
<td style="text-align: center;"><img decoding="async" loading="lazy" class="alignnone size-full wp-image-1214" src="https://isfd163-bue.infd.edu.ar/sitio/wp-content/uploads/2019/07/colegio-nacional-13.jpg" alt="" width="960" height="640" srcset="https://isfd163-bue.infd.edu.ar/sitio/wp-content/uploads/2019/07/colegio-nacional-13.jpg 960w, https://isfd163-bue.infd.edu.ar/sitio/wp-content/uploads/2019/07/colegio-nacional-13-768x512.jpg 768w" sizes="(max-width: 960px) 100vw, 960px" /><img decoding="async" loading="lazy" class="alignnone size-full wp-image-1212" src="https://isfd163-bue.infd.edu.ar/sitio/wp-content/uploads/2019/07/55869478_10155768897291315_2742579821019136000_n.jpg" alt="" width="960" height="640" srcset="https://isfd163-bue.infd.edu.ar/sitio/wp-content/uploads/2019/07/55869478_10155768897291315_2742579821019136000_n.jpg 960w, https://isfd163-bue.infd.edu.ar/sitio/wp-content/uploads/2019/07/55869478_10155768897291315_2742579821019136000_n-768x512.jpg 768w" sizes="(max-width: 960px) 100vw, 960px" /></td>
</tr>
</tbody>
<tbody>
<tr>
<td style="text-align: center;">
<p style="text-align: justify;"><span style="font-size: 10pt;">“Ya en 1918 entre la sociedad necochense, especialmente en círculos culturales  existía un ferviente deseo de que la ciudad contara con un centro de estudios secundarios, a efectos de que la juventud local y de la zona pudiera continuar el ciclo de bachiller sin tener que alejarse del medio, evitando a los educandos el alejamiento a temprana edad de sus hogares, con el consiguiente cúmulo de erogaciones” Así expresa el comienzo de nuestra escuela el libro “Colegio Nacional JOSÉ MANUEL ESTRADA, 1921- Necochea – 1971 , Crónica Evocativa de sus Primeros Cincuenta años.”</span></p>
<p style="text-align: justify;"><span style="font-size: 10pt;">            Si bien en 1919 mediante decreto legislativo se crea el colegio, recién en 1921 comienza a funcionar en un local que antiguamente edificara y ocupara el Teatro de la Sociedad Italiana de Necochea. Corría el año  1926 cuando se crea el Centro Cultural “José Manuel Estrada”,  que contaba entre sus objetivos el de secundar la obra moral y patriótica del Colegio Nacional; sostener la Biblioteca pública en el local de la escuela cooperando por todos los medios a su alcance para aumentar su material didáctico y atender las necesidades del Colegio. A partir de 1944 se agrega a su nombre original el de  Asociación Cooperadora del Colegio Nacional.</span></p>
<p style="text-align: justify;"><span style="font-size: 10pt;">            El año 1932 es una fecha importante para la escuela, ya que fue en el mismo donde se cristalizó un viejo anhelo de la comunidad educativa: se inaugura  el nuevo edificio. Así entonces pasó a tener su propio edificio frente a la plaza principal de la ciudad, donde hasta estos días sigue funcionando.  Tuvo importantes ampliaciones, en 1963 se concluye la primera con el incremento de 4 aulas y dos baños para el Departamento de Aplicación, y otras 4 aulas para las actividades del Colegio y secciones anexas. La segunda ampliación se comenzó a realizar el 16 de marzo de 1964  con la construcción de siete aulas y dos sectores sanitarios.</span></p>
<p><span style="font-size: 10pt;">            El 6 de mayo de 1947 comienza a funcionar la Escuela Nacional de Comercio como anexo del Colegio Nacional, contando así los jóvenes de la ciudad, con dos opciones de estudios secundarios, hasta que en 1953 en las instalaciones de la escuela nace La Escuela Industrial de la Nación de Necochea con 36 alumnos; pasando a ser una tercera opción al momento de elegir dónde seguir estudiando los estudios secundarios.</span></td>
</tr>
</tbody>
<tbody>
<tr>
<td><img decoding="async" loading="lazy" class="alignnone size-medium wp-image-1211" src="https://isfd163-bue.infd.edu.ar/sitio/wp-content/uploads/2019/07/20590-1000x611.jpg" alt="" width="1000" height="611" srcset="https://isfd163-bue.infd.edu.ar/sitio/wp-content/uploads/2019/07/20590-1000x611.jpg 1000w, https://isfd163-bue.infd.edu.ar/sitio/wp-content/uploads/2019/07/20590-768x469.jpg 768w, https://isfd163-bue.infd.edu.ar/sitio/wp-content/uploads/2019/07/20590.jpg 1138w" sizes="(max-width: 1000px) 100vw, 1000px" /></td>
</tr>
</tbody>
<tbody>
<tr>
<td style="text-align: justify;"><span style="font-size: 10pt;">La sección Magisterio del Colegio Nacional comienza a funcionar en 1963, y como consecuencia de las enormes dificultades que trajo aparejadas el hecho de que las alumnas practicaran en la Escuela Nº 2; se crea en 1964 el departamento de aplicación con 100 alumnos distribuidos en siete grados. El Magisterio solo duró hasta el año 1969 ya que por decreto Nacional se suprimieron los magisterios en las Escuelas Normales. De esta forma nuestra escuela comenzó a tener el nivel primario. </span></p>
<p><span style="font-size: 10pt;">            Con la aprobación de un nuevo plan de estudios para la carrera de Profesor Elemental surgen los Institutos Superiores de Formación Docente.  Así comienza en el año 1971 el Instituto del Profesorado de Nivel Elemental en el Colegio Nacional creado por resolución Nº 1128 del Ministerio de Cultura y Educación de la Nación.</span></p>
<p><span style="font-size: 10pt;">            El profesor Félix A. Motti en su carácter de rector del Colegio Nacional fue designado organizador con carácter transitorio del Instituto; el que comenzó a funcionar con un total de 45 alumnos distribuidos en dos divisiones.</span></p>
<p>&nbsp;</p>
<p><img decoding="async" loading="lazy" class="alignnone size-full wp-image-1215" src="https://isfd163-bue.infd.edu.ar/sitio/wp-content/uploads/2019/07/41911031_10217199053993297_4873135323573387264_n.jpg" alt="" width="960" height="720" srcset="https://isfd163-bue.infd.edu.ar/sitio/wp-content/uploads/2019/07/41911031_10217199053993297_4873135323573387264_n.jpg 960w, https://isfd163-bue.infd.edu.ar/sitio/wp-content/uploads/2019/07/41911031_10217199053993297_4873135323573387264_n-768x576.jpg 768w" sizes="(max-width: 960px) 100vw, 960px" /></p>
<p>&nbsp;</td>
</tr>
</tbody>
</table>

<p>&nbsp; “Ya en 1918 entre la sociedad necochense, especialmente en círculos culturales  existía un ferviente deseo de que la ciudad contara con un centro de estudios secundarios, a efectos de que la juventud local y de la zona pudiera continuar el ciclo de bachiller sin tener que alejarse del medio, evitando a los educandos el &#8230; <a title="Historia" class="read-more" href="https://isfd163-bue.infd.edu.ar/sitio/historia/" aria-label="More on Historia">[+]</a></p>
