{"id":916,"date":"2018-06-28T16:29:34","date_gmt":"2018-06-28T19:29:34","guid":{"rendered":"https:\/\/isfd163-bue.infd.edu.ar\/sitio\/solicitud-de-equivalencia\/"},"modified":"2025-05-20T21:24:25","modified_gmt":"2025-05-21T00:24:25","slug":"solicitud-de-equivalencia","status":"publish","type":"page","link":"https:\/\/isfd163-bue.infd.edu.ar\/sitio\/solicitud-de-equivalencia\/","title":{"rendered":"Solicitud de equivalencia"},"content":{"rendered":"<h2><strong>Instructivo para solicitud de equivalencias\u00a0<\/strong><\/h2>\n<h2 style=\"text-align: center;\"><strong>Fecha de presentaci\u00f3n: abril\/2025<\/strong><\/h2>\n<ol>\n<li>El estudiante debe evaluar la correspondencia entre el programa de la materia ya aprobada y el programa de la materia a solicitar su aprobaci\u00f3n por equivalencia.<\/li>\n<li>Para solicitar una equivalencia, no deben haber transcurrido m\u00e1s de 5 a\u00f1os desde el momento en que se acredit\u00f3 el examen final de la materia que se considera af\u00edn a la solicitada.<\/li>\n<li>El estudiante deber\u00e1 entregar toda la documentaci\u00f3n por mensajer\u00eda interna del campus al jefe de \u00e1rea Mat\u00edas Ca\u00f1ueto.<\/li>\n<li>El estudiante deber\u00e1 completar una sola planilla resumen en la que se especifique la totalidad de equivalencias con las correspondencias pertinentes (<a href=\"https:\/\/drive.google.com\/file\/d\/1KscBib2AGQU353ZV7TH3q8NOZGoUkJ0c\/view?usp=sharing\">Anexo I<\/a>).<\/li>\n<li>Adem\u00e1s deber\u00e1n contemplar:\n<ul>\n<li>La planilla correspondiente a\u00a0 cada equivalencia solicitada. Si la solicitud se solicitara por haber acreditado previamente m\u00e1s de una materia, esto deber\u00e1 especificarse. (<a href=\"https:\/\/drive.google.com\/file\/d\/1NcH7TMvYrbt2KkRgfCajUz09aI2gHuG6\/view?usp=sharing\">Anexo II<\/a>)<\/li>\n<li>El o los programas de las materias acreditadas, certificados por la Instituci\u00f3n responsable. Todas las p\u00e1ginas del programa deben incluirse en un solo archivo identificado con el nombre de la materia.<\/li>\n<li>El certificado anal\u00edtico en el que se lea claramente la nota obtenida en la\/s materia\/s acreditadas y la fecha de acreditaci\u00f3n.<\/li>\n<li>En el caso de solicitar un reconocimiento de trayectoria completar la planilla <a href=\"https:\/\/drive.google.com\/file\/d\/1SN-i8VuWJs_iNuLaOTdlOCdZviGC_4Qx\/view?usp=sharing\">Anexo III<\/a><\/li>\n<\/ul>\n<\/li>\n<\/ol>\n<p>Mat\u00edas Ca\u00f1ueto<\/p>\n<p><span style=\"font-size: 12pt;\">Jefe de \u00e1rea\u00a0<\/span><\/p>\n<h2><strong>Ejemplo de Anexo I<\/strong><\/h2>\n<p><iframe loading=\"lazy\" src=\"https:\/\/drive.google.com\/file\/d\/1J-UhndTiUPEfSofbdLp3RsuBPJWgNIHP\/preview?wmode=transparent\" width=\"640\" height=\"480\" data-mce-fragment=\"1\"><\/iframe><\/p>\n<h2><strong>Ejemplo de Anexo II<\/strong><\/h2>\n<p><iframe loading=\"lazy\" src=\"https:\/\/drive.google.com\/file\/d\/1K0GuN-qhZq3jSLrT5RmktK_ciUX864dy\/preview?wmode=transparent\" width=\"640\" height=\"480\" data-mce-fragment=\"1\"><\/iframe><\/p>\n","protected":false},"excerpt":{"rendered":"<p>Instructivo para solicitud de equivalencias\u00a0 Fecha de presentaci\u00f3n: abril\/2025 El estudiante debe evaluar la correspondencia entre el programa de la materia ya aprobada y el programa de la materia a solicitar su aprobaci\u00f3n por equivalencia. Para solicitar una equivalencia, no deben haber transcurrido m\u00e1s de 5 a\u00f1os desde el momento en que se acredit\u00f3 el &#8230; <a title=\"Solicitud de equivalencia\" class=\"read-more\" href=\"https:\/\/isfd163-bue.infd.edu.ar\/sitio\/solicitud-de-equivalencia\/\" aria-label=\"More on Solicitud de equivalencia\">[+]<\/a><\/p>\n","protected":false},"author":1731,"featured_media":0,"parent":0,"menu_order":0,"comment_status":"closed","ping_status":"closed","template":"","meta":[],"acf":[],"_links":{"self":[{"href":"https:\/\/isfd163-bue.infd.edu.ar\/sitio\/wp-json\/wp\/v2\/pages\/916"}],"collection":[{"href":"https:\/\/isfd163-bue.infd.edu.ar\/sitio\/wp-json\/wp\/v2\/pages"}],"about":[{"href":"https:\/\/isfd163-bue.infd.edu.ar\/sitio\/wp-json\/wp\/v2\/types\/page"}],"author":[{"embeddable":true,"href":"https:\/\/isfd163-bue.infd.edu.ar\/sitio\/wp-json\/wp\/v2\/users\/1731"}],"replies":[{"embeddable":true,"href":"https:\/\/isfd163-bue.infd.edu.ar\/sitio\/wp-json\/wp\/v2\/comments?post=916"}],"version-history":[{"count":19,"href":"https:\/\/isfd163-bue.infd.edu.ar\/sitio\/wp-json\/wp\/v2\/pages\/916\/revisions"}],"predecessor-version":[{"id":2112,"href":"https:\/\/isfd163-bue.infd.edu.ar\/sitio\/wp-json\/wp\/v2\/pages\/916\/revisions\/2112"}],"wp:attachment":[{"href":"https:\/\/isfd163-bue.infd.edu.ar\/sitio\/wp-json\/wp\/v2\/media?parent=916"}],"curies":[{"name":"wp","href":"https:\/\/api.w.org\/{rel}","templated":true}]}}